 n = -4*g + 5*l + 111. Let x = g + 32. What are the prime factors of x?
2, 7
Let k(u) be the first derivative of u**3 + 6*u**2 - 37*u + 221. List the prime factors of k(-24).
23, 61
Suppose -2*v = 7*j - 200807 + 76636, -35479 = -2*j + v. List the prime factors of j.
3, 73
Let l(h) = -h - 1. Let p(j) = -30*j - 3. Let g(w) = 12*l(w) - 3*p(w). Let v be g(3). Suppose 0*u = -3*u + v. What are the prime factors of u?
7, 11
Suppose 23*n - 18*n = -5*a + 109130, -87318 = -4*n - 2*a. List the prime factors of n.
7, 3119
Let g(p) = 5*p + 3. Let y be g(1). Let w = y + -6. What are the prime factors of (10 - 2)*((-140)/(-16) - w)?
2, 3
What are the prime factors of (1/3)/(13/108303)?
2777
Let j(d) = 532*d**2 + 5*d - 5. Let g(h) = -h**2 + 21*h - 53. Let s be g(3). What are the prime factors of j(s)?
2, 7, 19
Suppose -57*i + 903004 + 30368 = -23031. What are the prime factors of i?
3, 7, 17, 47
Let d be (-16)/(-28) - 2166/(-7). Let x = -295 + 474. Let y = d - x. What are the prime factors of y?
131
Let a(o) = -6*o**3 - 6*o**2 - 2*o - 2. Let f be a(-3). Let s = f - 163. What are the prime factors of (48/15)/(-2 + s/(-25))?
2, 5
Suppose v - 4*h - 15 = 0, -3*v - 2*h - 25 = -0*h. What are the prime factors of 184*(-4)/(-5) + (-4)/v?
2, 37
Let a = 42 + -42. Suppose a = -13*p - 3*p. Suppose 5*k - 6*k + 2*r + 100 = p, 5*k - 555 = -r. What are the prime factors of k?
2, 5, 11
Let o(q) be the first derivative of q**5/30 - 5*q**4/8 - 3*q**3/2 + 13*q**2/2 - 16. Let j(t) be the second derivative of o(t). List the prime factors of j(13).
2, 67
Let d(i) = i**3 + 17*i**2. Let q be d(-17). Suppose q = 506*y - 508*y + 550. List the prime factors of y.
5, 11
Suppose 0 = -5*l + 8*a - 13*a + 13660, -l + 2*a = -2717. List the prime factors of l.
3, 101
Suppose -3*j - 2*i = -31643, -15*j - 10544 = -16*j + 3*i. What are the prime factors of j?
53, 199
Let n = -159 - -94. Let s = 51 + n. What are the prime factors of (-4)/s - (-935)/35?
3
Let o be (-42)/12 - 3*2/(-4). Let u be ((-36)/15)/(o/95). Suppose v - u - 12 = 0. List the prime factors of v.
2, 3, 7
Suppose 4*f + 26766 = 3*l + 2828, 0 = 3*l - 3*f - 23940. What are the prime factors of l?
2, 13, 307
Let v(r) = r**2 + 12*r + 12. Let s be v(-12). Suppose -3*u + 8*k - 9 = 3*k, s = -4*u + 4*k. What are the prime factors of u/7 + -2 + 73/7?
2
Let l be -1 + (3892 - 8) + -5 + 0. Suppose -5*t = -3*u + 3862, 6*u + t = 9*u - l. List the prime factors of u.
2, 647
Let k = 19055 + -14690. What are the prime factors of k?
3, 5, 97
Let i be 1*((4/1)/(-4) - -317). List the prime factors of (-2 - 22/(-8))*i.
3, 79
Let k be (9/(-27))/((-2)/18). Suppose -x = -2*x - k*j + 150, -4*x + 5*j = -583. Suppose g = -0*g + 4, -2*g - x = -5*c. List the prime factors of c.
31
Let v = -29773 - -103249. List the prime factors of v.
2, 3, 13, 157
Let r(m) = 2*m + 111. Let g be r(16). Let q = -171 + 415. Let h = q - g. List the prime factors of h.
101
Let o(k) be the first derivative of -3*k**2 + 57*k - 208. What are the prime factors of o(7)?
3, 5
Suppose 154*h + 61442 = s + 159*h, 5*s - 307266 = 3*h. What are the prime factors of s?
2, 3, 569
What are the prime factors of 339192/7 + -3 + (-168)/28?
3, 7, 769
Let a(l) = -22*l**3 - 2*l**2 - 3*l - 4. Let c be a(-2). Suppose -r = -3*b + 118, 5*b - r = -6*r + c. Suppose -t + b + 64 = 0. What are the prime factors of t?
2, 3, 17
Let w = 56 + -58. Let z be w + 11/((-11)/(-6)). Suppose z*y - 134 = -f + 2*y, 2*y + 556 = 4*f. List the prime factors of f.
2, 3, 23
Let c(y) = y**2 - 2*y + 445. Suppose 0 = -t + 2*r - 6, 2*r - 3 = 3*t + r. What are the prime factors of c(t)?
5, 89
List the prime factors of (0 - (-5 + -4)) + 15206.
5, 17, 179
Suppose 0 = -4*u + 3*u + c + 10, 3*c + 10 = u. Suppose u*z - 7*z - 15 = 0. Suppose -216 = -t - 0*s + z*s, -4*s + 1225 = 5*t. List the prime factors of t.
241
Let g be (-20)/150 + 116/(-30). List the prime factors of g + 5 - 554/(-2).
2, 139
Suppose -v + 19725 = 4*z - 3568, -4 = -4*v. What are the prime factors of z?
3, 647
Suppose c + 3*c = 20. Suppose c*u + 1666 = 3*v + u, 5*u - 25 = 0. What are the prime factors of v/8 - ((-1)/4)/(-1)?
2, 5, 7
Suppose -3*l - 3*n = -2*n + 42, 3 = -l - 4*n. Let u be (-33)/15 - (-3 - 42/l). List the prime factors of (6/2 + -25)/u.
11
Suppose 5*w + 3*a - 1098 = a, 5*w - 3*a - 1103 = 0. Suppose -3*z = 3*p + p + w, 0 = -2*p + 3*z - 128. Let c = p + 222. What are the prime factors of c?
2, 41
Suppose 5*r = -167 + 527. What are the prime factors of 3/(r/9546) - (-1)/4?
2, 199
Let k(n) = 47 - n**2 + 4*n**2 + 6*n**2 - 33*n + 25*n - 3*n**2. What are the prime factors of k(-9)?
5, 11
Let o = -297 - -339. What are the prime factors of -1*((-2)/(-6) + (-35546)/o)?
2, 3, 47
Let j(s) = s**3 + s**2 - 3*s + 2389. Let t be j(0). Let a = t + -1497. List the prime factors of a.
2, 223
Suppose 5*n + 255564 = 23*n - 0*n. List the prime factors of n.
2, 31, 229
Let o(w) = -w**2 - 3*w + 6. Let g be o(-3). Let f be 91*-3*(-2 + 0)/g. Let m = f - 48. What are the prime factors of m?
43
Suppose 3*w - 26 - 58 = 0. Suppose 88*b - 18 = 89*b. Let r = b + w. What are the prime factors of r?
2, 5
Let t(s) = s**3 - 2*s**2 - 6*s - 6. Let w be t(4). Suppose m + 280 = 3*o - 43, o + w*m = 117. List the prime factors of o.
109
Suppose 12*z = 18743 + 10321. What are the prime factors of z?
2, 7, 173
Let m be 2*(-1)/2*-11. List the prime factors of (-2 + 3)/(m/13739).
1249
Let n be (-5 + -1)/(3/74). Let g = 1345 - 1338. Let w = g - n. List the prime factors of w.
5, 31
Let h = 14 + -5. Let n be -3*1 + (-6)/h*-39. List the prime factors of 24/(-40) + n/5.
2
Let n = 51 - 44. Suppose -n*m = 89 - 5. Let r = m + 132. What are the prime factors of r?
2, 3, 5
Suppose -5*q - 3 = -13. Suppose -2*x + 5 = q*x - r, -2*x + 7 = -5*r. What are the prime factors of 4 + ((-854)/(-4) - x/(-2))?
2, 109
Let o(d) = -23*d + 44. Let r be o(2). Let b(t) = 75*t**2 - 7*t + 3. List the prime factors of b(r).
317
Let n(y) be the second derivative of y**4/12 + 7*y**3/6 + 6*y**2 - 8*y. Let m be n(-6). Suppose m = d - 0. What are the prime factors of d?
2, 3
Let m = -34 - -22. Let w be 1 + -7 + (-24)/(-6). List the prime factors of (20/6)/(m/180)*w.
2, 5
Let q(n) = 246*n**2 + 32*n + 492. What are the prime factors of q(-8)?
2, 5, 17, 47
Let s = -29 - -41. Suppose -15 = 3*l + s. What are the prime factors of ((-9)/4)/l + (-139)/(-4)?
5, 7
Let w = 22926 - 3409. List the prime factors of w.
29, 673
Let c(q) be the third derivative of q**5/30 + 71*q**4/24 + 37*q**3/6 - 153*q**2. List the prime factors of c(-35).
2
Suppose 4*g + 58 = 5*j, -2*g - 4*j = j + 14. Let i = 532 + g. What are the prime factors of i?
2, 5, 13
Suppose -y - d + 401 = 0, 4*y = -3*d - 0*d + 1601. Let g = y + 35. List the prime factors of g.
433
Suppose 8 = 2*h, 0 = -2*a - 4*h - 38957 + 96265. List the prime factors of a.
2, 14323
Let s be 81/15 - (-6)/10. Let h be ((-441)/(-18))/(s/(-4) + 1). List the prime factors of (-945)/h + 10/(-35).
19
Suppose g - 14612 = 16*q - 17*q, -5*g + 2*q = -73102. What are the prime factors of g?
2, 7309
Suppose -2*j - 134 = 4*u - u, u - 4*j = -40. Let w = u - -182. Let x = w - 42. List the prime factors of x.
2, 3
Let m(t) = -181*t - 25. Let a be m(-3). Suppose 6 + a = 4*s. List the prime factors of s.
131
Suppose 0 = 5*j + 22*x - 23*x - 5829, -2*j + 2342 = -3*x. Suppose -9*w = -10*w + j. List the prime factors of w.
5, 233
Suppose 0 = p + 3*y - 28724, 17*p - 20*p - 3*y = -86160. List the prime factors of p.
2, 83, 173
Suppose 0 = 19*u - 25*u + 498. Suppose -u*l + 80*l + 435 = 0. What are the prime factors of l?
5, 29
Suppose 26*s + 8*s = -5610. What are the prime factors of (-16)/88 - (-5)/(s/(-15186))?
2, 5, 23
Suppose 14*j = 16*j + 171*j - 212790. What are the prime factors of j?
2, 3, 5, 41
Let o(t) = 92*t**2 + 14*t - 6*t - 6*t. Let p(f) = -2*f + 27. Let a be p(14). What are the prime factors of o(a)?
2, 3, 5
Let b be 2/8 - (-76518)/104. Let g = -676 + b. List the prime factors of g.
2, 3, 5
Suppose -z + 82 = 9. Suppose -2*q - z = -2*n + 1, 0 = 4*n + 3*q - 120. What are the prime factors of n?
3, 11
Let k(y) = 15*y**2 - 10*y + 2. Let b be k(4). Let x = b + 338. Suppose 0 = j - 5*j + x. List the prime factors of j.
3, 5
Let o = 20390 + -943. What are the prime factors of o?
19447
Let r(m) = -5*m**2 - 11*m + 93. Let i